-3 - (-3 - 23)) + 71
95
Calculate (2 - 3) + 16 + -76 + 46 + 17.
2
What is the value of 72 + (50 - 81) + -65?
-24
-43 - ((2 - (-27 + 4)) + (-39 - -24 - -2))
-55
Calculate 2 - -23 - (29 + -52 + 2).
46
What is the value of -49 + -24 + 61 - -44?
32
-56 + 22 + -23 - (-12 + -3)
-42
What is -1444 + 1441 - (-5 - (-2 - (-2 + 2)))?
0
Calculate (-4 - -7) + (14 - 7) - (-3 + 5 - -62).
-54
What is -2 + 47 + -34 + -13?
-2
What is the value of 4 + -36 + 85 - (26 - 56)?
83
Calculate -85 - (13 + -11 - 35 - -7).
-59
Calculate -22 + (33 + -37 - -1).
-25
Calculate 3151 + -3124 + 7 + -4 + (-1 - 0) + -12.
17
Evaluate -61 + 60 + -12 - 27.
-40
What is the value of (-17 - (-34 + 41)) + 4 + -2?
-22
(51482 - 51474) + (86 + -1 - (-3 - -1))
95
What is -2 - -5 - (30 - (-3 + -2 + 24))?
-8
-138 + 35 + 58 - (-47 + 2)
0
What is the value of (32 - -42) + -73 + 40?
41
What is the value of -37 + 111 + -32 + (-3 - 1)?
38
(-38 - (-16 + -32) - -25) + 1
36
Evaluate -3 + -37 + (124 - 78).
6
Calculate (-4874 - -4819) + 2 + -3 + 16 + 0.
-40
What is the value of 3907 - 3916 - (1 + 22 - -1 - 0)?
-33
What is the value of (-1 - -72) + 39 + -13 + -31 + 9 + -17?
58
What is (33 - -45 - 41) + (-5 - 136)?
-104
Evaluate (13 - 9) + -4 + 8 - -14.
22
What is ((-1 - 0) + (-40 - -2) - -6) + -36 + 25?
-44
-13 + -1 - (-171 - ((-100 - -30) + 14 + 27))
128
Calculate -12 - (-19 + (3 + 5 - (-11 + 15)) - -8).
-5
Calculate 40 - 159 - (-42 + -46).
-31
-51 + 151 - ((-5 - 1) + 34)
72
What is the value of (-7 - -10 - -1) + 7 - (15 + -5)?
1
What is -9 - ((-4 - 3) + (24 - (-15 + 26)))?
-15
What is 14 + -2 - -2 - (73 - 111)?
52
What is (2 - 2 - (72 + -70) - -3) + 0 + -16?
-15
What is (1 + -62 - -46) + -41?
-56
Calculate 125 + -99 + -3 + 5 + -7.
21
Evaluate 837 + -789 + -4 + (1 - (4 + -2 + 1)).
42
Calculate -1 - 0 - (-3 + 1 - -41) - (0 + -4).
-36
What is -11 + (3 - -2) + (-3 - 0) + 0 + 105?
96
((6 - 22 - -20) + 1 + 2 - -5) + -5
7
Evaluate (-11 - (-1 - (28 + -25))) + -70.
-77
-770 + 781 - (-40 - (3 + -6))
48
92 + (9 - (-2 - -34)) + -10
59
Calculate 39 + 0 - (-26 - (-46 + 65) - -44).
40
What is -1 + 41 + 2 + (7 - (16 - (-28 - -41)))?
46
What is 24 + 2 + -26 + -43?
-43
Evaluate (35 - (-3 - -56)) + (7 - 1 - (-6 - -8)).
-14
What is 9 + -77 + (-12 + -2 - (75 + -71)) + 5?
-81
What is 0 - (-3 + 20) - -16 - (84 - 7)?
-78
-7 + -60 + 31 + -30 + 19
-47
What is -32 - (-66 - -13) - 78?
-57
Evaluate 22 + -57 + (-3 - (6 + (-6 - -1))).
-39
-62 - ((-34 - 25) + 0)
-3
3 + 12 + (-4 - 26) + (-2 - -15)
-2
What is -16 + (14 - 0) - (52 - (-2 - -1 - 1))?
-56
Evaluate 8 + -10 + (6 - 0) + (1 - (-1 - 11)).
17
Evaluate 9 - (6 + 15) - -29 - (10 + -4 + 1).
10
What is (-8 - 39 - -48) + 21 + -1?
21
What is 74 + -82 + 64 + -35?
21
Evaluate -32 + -1 + -3299 + 3377.
45
Evaluate 9 - (0 + -4 - ((12 - 20 - -14) + -14)).
5
What is the value of -17 + 9 - 10 - (10 + 7) - (2 - 3)?
-34
What is (-11 - -22) + (-2 - (-13 + 25)) + -117?
-120
(99 - -10) + -32 + -3 + 1 + 9 + -7
77
Calculate 1 + -11 + (5 + 30 - 16 - -33).
42
What is the value of -8 - (5 + 45 + 11 + -4 + -3 + -1)?
-61
Calculate 12 - (-18 - (-43 - -7 - -28)).
22
What is 70 + -5 + 5 - -14?
84
What is the value of -17 + 15 + (-275 - -320)?
43
What is the value of (2218 - 2174) + (14 - (0 + 2))?
56
Calculate 43 + (-20 - -1 - -3 - -10) + -7.
30
(332 + -164 - 84) + (14 - -1) + -1 + -3
95
(26 - 11) + -14 + (-48 - -2 - 0)
-45
Evaluate (-17 - (-11 - 2 - (44 + -45))) + 82.
77
Calculate (12 - ((56 - 21) + 5)) + (-2 - -2 - -2).
-26
Calculate -6 - (-13 - -27) - (9 - 10).
-19
34 + -5 + 14 + (-12 - -8) + -1
38
Evaluate -37 - (1 - 9 - (-16 - (-19 + 11))).
-37
What is -58 + 10 - -23 - (-16 + 3) - -9?
-3
What is the value of 18 - 24 - 13 - (-5 - (2 + 2))?
-10
((7 - 2) + -4 - -4) + -52 + -101 + 69
-79
20 + 1 + 0 - (14438 + -14450)
33
What is the value of 1 + 4 + (10 - 12) + -7 + -25?
-29
106 + -111 - (42 + 9)
-56
What is 1 + (0 - 10) - (4151 + -4090)?
-70
Evaluate -10 + (-13 - (11 - (-17 + (20 - -126)))).
95
32 - (61 + -46 + 7)
10
Evaluate 131 - ((-37 - -77) + 28).
63
Evaluate 9 - (30 + 20 + 28).
-69
14 - ((-1 - -21) + (165 - 212))
41
Calculate -1 + -58 + -9 + 27 + (-8 - 7) + 6.
-50
Evaluate 30 + -157 + 8 + 55.
-64
66 + -61 + 0 + 0 + (31 - 4) + 0
32
Calculate (-10 - (-4 - 6 - 5)) + 115 + -78.
42
What is the value of -147 - (-62 + -1 - 13)?
-71
Calculate (37 - 7) + (-173 - -98).
-45
What is 17 - -1 - (-5 + (31 - -34))?
-42
What is the value of (0 - (1 + -1) - 2) + 5 + (-169 - -188)?
22
(-1 + 1 + -1 - 17) + (-14 - (-23 - -3))
-12
Evaluate -20 + -27 + 52 + -18 - (-43 - -1).
29
What is -1 + 4 + -42 + -16 + 11?
-44
Evaluate 78 + (-103 - 59) + 97.
13
Calculate (2 - (-2 + 18)) + (-78 + 149 - 28).
29
Evaluate -4 + (30 - 13) - (14 - 6 - (2 - -1)).
8
What is the value of (3 - (2 - 2)) + 35 + -42 + (53 - 3)?
46
(-30 - (-32 - -32)) + 17
-13
Calculate (243 - 204) + -19 + -1.
19
Evaluate (-132 + 144 - (-14 - -2)) + -20.
4
Calculate -19 + (-7 - -14) + (80 - (-6 + 7 - -6)).
61
Evaluate 27 + -1 - (-1761 - -1754) - 125.
-92
What is the value of 3 + (6 - 6) + -10 + 31 + -7?
17
What is the value of -1 + -7 - (-30 - (-18 + 25) - -68)?
-39
-1 + (0 - -27) + (-316 - -354)
64
What is -29 - (2 - 8 - (0 + 20 - (105 - 85)))?
-23
What is the value of (-2 - 2) + 23 + -23 + 7 + 19 + 2?
24
5 + (-5 - 8) + 4 + 51 + 7 + -1
53
Evaluate -53 + 42 + (-3 - 59).
-73
-45 + (114 - 53) + -23
-7
What is the value of (-16 + 2 - (144 + -139)) + 154?
135
What is (-14 - (0 - 8 - 20)) + -20 - 9?
-15
Evaluate -15 - (41 - 31 - 5) - -78.
58
Evaluate -18 + (-146 - -174) - (-1 + 147).
-136
(0 - 83) + (72 + 323 - 355)
-43
Calculate -1 - (-29 - -35 - (-3 + 0)).
-10
Calculate -44 + -43 + 55 - 13 - (1 + 1 - -1).
-48
What is the value of -70 - 17 - -7 - (80 - 108)?
-52
91 + -116 + (0 - 3 - 46)
-74
What is 73 + (36 - (72 + -45))?
82
What is the value of 24 - 1 - (14 + -72 - -84) - (-1 - -57)?
-59
Calculate -25 + 10 + -1 + -17 - -3.
-30
What is the value of 25 - 1 - (-41 + -79 - -152)?
-8
What is the value of 16 + 7 + 18 + -22 + -15 + -2?
2
Evaluate (-35 - -5) + 352 + -354.
-32
What is (77 - (-11 - -76)) + 5 + -3 + (98 - 1)?
111
What is (-24 - -7) + (93 + (7 - -12) - 15)?
80
What is -1313 + 1282 - (0 + 1 + 9)?
-41
What is -27 + 35 - (5 + -11 - 31) - -6?
51
Calculate 233 + (56 - (-97 - -276)).
110
What is 49 + (-42 - -12) + (-1 - -19) + -16?
21
What is (1 + 0 - (-62 + 244 + -80)) + -11?
-112
Evaluate (-151 - -41) + 115 - -29.
34
What is 40 + (-37 - (-66 - -45))?
24
What is the value of 1 + -3 + -33 - -22?
-13
Calculate 9 - (17 + (4 + -6 - -41) + -3).
-44
Evaluate 53 + -93 - (181 + -163).
-58
25 - 35 - (21 - (-8 - 1))
-40
What is -50 - (-35 - 11) - (2 + 2)?
-8
What is (18 - (32 - 9)) + 0 + -3 + -2?
-10
What is the value of 2 + -2 - 1 - (39 - (-30 + 24))?
-46
What is (7 - 54) + (-88 - -103)?
-32
What is the value of -22 - (71 + (-43 - 48))?
-2
-637 + 567 + 10 + -18
-78
What is (1 - 24) + -9 + (-12 - -25) - -94?
75
Evaluate -1 - (-31 + 16) - 27 - (68 + 19).
-100
Evaluate 0 + -2 - (-3 + (24 - -6) + -36 - -6).
1
Evaluate -70 - -16 - -13 - (0 + 11).
-52
What is the value of (-6 - (-30 + -1 - (-34 - -23))) + -7?
7
Calculate 23 + -57 + 105 + -108.
-37
-12 - (-5 + 17 + 17 + -9)
-32
What is -1663 + 1710 + -6 + 1 + (4 + -8 - 1)?
37
Evaluate 10 + -2 + 10 + -12 + 2 + (-7 - 0).
1
What is the value of (0 - -1) + 20 + -7 + 15 + (-8 - 9)?
12
What is -2 + (-2 - -14) + (6 - 20 - -7) - 19?
-16
What is (-132 - -117) + 73 + 2 + 47 + -29?
78
Evaluate -6 + 0 - (26 - (39 - (-32 - -42) - -16)).
13
What is ((-2 - -5) + 2 - (108 + -120)) + 3?
20
-16 - (-53 + 46 + (-4 - (-6 - -5)))
-6
What is the value of (2 - (-8 - -16)) + (-21 - (3 + -19))?
-11
Calculate (15 - 19 - 20) + 48 + 27.
51
Evaluate 5 + (-2 - 5) + (3 - 9 - 1) - -4.
-5
(-4050 - -4022) + (3 - 7 - -134)
102
What is (0 - (-2 - -7)) + (-277 - (128 - 399))?
-11
What is 26 + (44 - -12) - (61 + -62 + 1 + 7)?
75
Calculate 36 + (-23 + -1 - (-74 - (40 - 75))).
51
Evaluate (2 - 2) + (12 - 7) - (-285 - -280).
10
((-29 - 25) + 29 - -16) + (57 - (-1 + 2))
47
(-5 + -16 - -19) + (-15 - 2 - (4 - 12))
-11
Evaluate -1 + 3 + -18 + (-11 - (8 - 28)).
-7
Calculate 94 - (24 + -64) - 139.
-5
Calculate (7 - (-17 + (-1 - -8) + 1)) + -104 + 10.
-78
What is (-5 - (-6 + 9)) + 1 - (-51 - 5 - 0)?
49
Calculate (110 - -10 - 317) + 98.
-99
What is 6 - ((-11 - ((-7 - 0) + -164 + 168